[INFO] cloning repository https://github.com/TieSoul/GBEm
[INFO] running `Command { std: "git" "-c" "credential.helper=" "-c" "credential.helper=/workspace/cargo-home/bin/git-credential-null" "clone" "--bare" "https://github.com/TieSoul/GBEm" "/workspace/cache/git-repos/https%3A%2F%2Fgithub.com%2FTieSoul%2FGBEm", kill_on_drop: false }`
[INFO] [stderr] Cloning into bare repository '/workspace/cache/git-repos/https%3A%2F%2Fgithub.com%2FTieSoul%2FGBEm'...
[INFO] running `Command { std: "git" "rev-parse" "HEAD", kill_on_drop: false }`
[INFO] [stdout] 902b75d4157e1158f0d60d49098f9239b01816a5
[INFO] building TieSoul/GBEm against master#881c1ac408d93bb7adaa3a51dabab9266e82eee8 for issue-85264
[INFO] running `Command { std: "git" "clone" "/workspace/cache/git-repos/https%3A%2F%2Fgithub.com%2FTieSoul%2FGBEm" "/workspace/builds/worker-5/source", kill_on_drop: false }`
[INFO] [stderr] Cloning into '/workspace/builds/worker-5/source'...
[INFO] [stderr] done.
[INFO] validating manifest of git repo https://github.com/TieSoul/GBEm on toolchain 881c1ac408d93bb7adaa3a51dabab9266e82eee8
[INFO] running `Command { std: "/workspace/cargo-home/bin/cargo" "+881c1ac408d93bb7adaa3a51dabab9266e82eee8" "metadata" "--manifest-path" "Cargo.toml" "--no-deps", kill_on_drop: false }`
[INFO] started tweaking git repo https://github.com/TieSoul/GBEm
[INFO] finished tweaking git repo https://github.com/TieSoul/GBEm
[INFO] tweaked toml for git repo https://github.com/TieSoul/GBEm written to /workspace/builds/worker-5/source/Cargo.toml
[INFO] crate git repo https://github.com/TieSoul/GBEm already has a lockfile, it will not be regenerated
[INFO] running `Command { std: "/workspace/cargo-home/bin/cargo" "+881c1ac408d93bb7adaa3a51dabab9266e82eee8" "fetch" "--manifest-path" "Cargo.toml", kill_on_drop: false }`
[INFO] [stderr]  Downloading crates ...
[INFO] [stderr]   Downloaded sdl2-sys v0.25.0
[INFO] [stderr]   Downloaded sdl2 v0.25.0
[INFO] running `Command { std: "docker" "create" "-v" "/var/lib/crater-agent-workspace/builds/worker-5/target:/opt/rustwide/target:rw,Z" "-v" "/var/lib/crater-agent-workspace/builds/worker-5/source:/opt/rustwide/workdir:ro,Z" "-v" "/var/lib/crater-agent-workspace/cargo-home:/opt/rustwide/cargo-home:ro,Z" "-v" "/var/lib/crater-agent-workspace/rustup-home:/opt/rustwide/rustup-home:ro,Z" "-e" "SOURCE_DIR=/opt/rustwide/workdir" "-e" "CARGO_TARGET_DIR=/opt/rustwide/target" "-e" "CARGO_HOME=/opt/rustwide/cargo-home" "-e" "RUSTUP_HOME=/opt/rustwide/rustup-home" "-w" "/opt/rustwide/workdir" "-m" "1610612736" "--user" "0:0" "--network" "none" "ghcr.io/rust-lang/crates-build-env/linux@sha256:20528e8c29e4536546f0102ce88568b16ea7538393a33fcca951030f7af10457" "/opt/rustwide/cargo-home/bin/cargo" "+881c1ac408d93bb7adaa3a51dabab9266e82eee8" "metadata" "--no-deps" "--format-version=1", kill_on_drop: false }`
[INFO] [stderr] WARNING: Your kernel does not support swap limit capabilities or the cgroup is not mounted. Memory limited without swap.
[INFO] [stdout] dd85b6cb113f8c8c1209e1db65d04fdd9188529353e90315c9c67c54e3e46aa5
[INFO] running `Command { std: "docker" "start" "-a" "dd85b6cb113f8c8c1209e1db65d04fdd9188529353e90315c9c67c54e3e46aa5", kill_on_drop: false }`
[INFO] running `Command { std: "docker" "inspect" "dd85b6cb113f8c8c1209e1db65d04fdd9188529353e90315c9c67c54e3e46aa5", kill_on_drop: false }`
[INFO] running `Command { std: "docker" "rm" "-f" "dd85b6cb113f8c8c1209e1db65d04fdd9188529353e90315c9c67c54e3e46aa5", kill_on_drop: false }`
[INFO] [stdout] dd85b6cb113f8c8c1209e1db65d04fdd9188529353e90315c9c67c54e3e46aa5
[INFO] running `Command { std: "docker" "create" "-v" "/var/lib/crater-agent-workspace/builds/worker-5/target:/opt/rustwide/target:rw,Z" "-v" "/var/lib/crater-agent-workspace/builds/worker-5/source:/opt/rustwide/workdir:ro,Z" "-v" "/var/lib/crater-agent-workspace/cargo-home:/opt/rustwide/cargo-home:ro,Z" "-v" "/var/lib/crater-agent-workspace/rustup-home:/opt/rustwide/rustup-home:ro,Z" "-e" "SOURCE_DIR=/opt/rustwide/workdir" "-e" "CARGO_TARGET_DIR=/opt/rustwide/target" "-e" "CARGO_INCREMENTAL=0" "-e" "RUST_BACKTRACE=full" "-e" "RUSTFLAGS=--cap-lints=forbid" "-e" "CARGO_HOME=/opt/rustwide/cargo-home" "-e" "RUSTUP_HOME=/opt/rustwide/rustup-home" "-w" "/opt/rustwide/workdir" "-m" "1610612736" "--user" "0:0" "--network" "none" "ghcr.io/rust-lang/crates-build-env/linux@sha256:20528e8c29e4536546f0102ce88568b16ea7538393a33fcca951030f7af10457" "/opt/rustwide/cargo-home/bin/cargo" "+881c1ac408d93bb7adaa3a51dabab9266e82eee8" "build" "--frozen" "--message-format=json", kill_on_drop: false }`
[INFO] [stdout] b4999694c2ad0a2fe5b65341c289bd9cd52918df5a24c91d4371ff10b6715dbd
[INFO] [stderr] WARNING: Your kernel does not support swap limit capabilities or the cgroup is not mounted. Memory limited without swap.
[INFO] running `Command { std: "docker" "start" "-a" "b4999694c2ad0a2fe5b65341c289bd9cd52918df5a24c91d4371ff10b6715dbd", kill_on_drop: false }`
[INFO] [stderr]    Compiling sdl2-sys v0.25.0
[INFO] [stderr]    Compiling libc v0.2.17
[INFO] [stderr]    Compiling rand v0.3.14
[INFO] [stderr]    Compiling sdl2 v0.25.0
[INFO] [stderr]    Compiling gb_em v0.1.0 (/opt/rustwide/workdir)
[INFO] [stdout] error[E0583]: file not found for module `cpu`
[INFO] [stdout]  --> src/main.rs:2:1
[INFO] [stdout]   |
[INFO] [stdout] 2 | mod cpu;
[INFO] [stdout]   | ^^^^^^^^
[INFO] [stdout]   |
[INFO] [stdout]   = help: to create the module `cpu`, create file "src/cpu.rs" or "src/cpu/mod.rs"
[INFO] [stdout] 
[INFO] [stdout] 
[INFO] [stdout] error[E0583]: file not found for module `mmu`
[INFO] [stdout]  --> src/main.rs:4:1
[INFO] [stdout]   |
[INFO] [stdout] 4 | mod mmu;
[INFO] [stdout]   | ^^^^^^^^
[INFO] [stdout]   |
[INFO] [stdout]   = help: to create the module `mmu`, create file "src/mmu.rs" or "src/mmu/mod.rs"
[INFO] [stdout] 
[INFO] [stdout] 
[INFO] [stdout] error[E0432]: unresolved import `cpu::CPU`
[INFO] [stdout]  --> src/main.rs:5:5
[INFO] [stdout]   |
[INFO] [stdout] 5 | use cpu::CPU;
[INFO] [stdout]   |     ^^^^^^^^ no `CPU` in `cpu`
[INFO] [stdout] 
[INFO] [stdout] 
[INFO] [stdout] error: aborting due to 3 previous errors
[INFO] [stdout] 
[INFO] [stdout] 
[INFO] [stdout] Some errors have detailed explanations: E0432, E0583.
[INFO] [stdout] 
[INFO] [stdout] For more information about an error, try `rustc --explain E0432`.
[INFO] [stdout] 
[INFO] [stderr] error: could not compile `gb_em`
[INFO] [stderr] 
[INFO] [stderr] To learn more, run the command again with --verbose.
[INFO] running `Command { std: "docker" "inspect" "b4999694c2ad0a2fe5b65341c289bd9cd52918df5a24c91d4371ff10b6715dbd", kill_on_drop: false }`
[INFO] running `Command { std: "docker" "rm" "-f" "b4999694c2ad0a2fe5b65341c289bd9cd52918df5a24c91d4371ff10b6715dbd", kill_on_drop: false }`
[INFO] [stdout] b4999694c2ad0a2fe5b65341c289bd9cd52918df5a24c91d4371ff10b6715dbd
